50 = -8*f. Suppose 35 = -5*l + m, 2*l + 3*m + 6 + 25 = 0. Let k be (-2)/4*(l + -16). What is the greatest common divisor of k and f?
6
Let q(j) = -j**3 + 8*j**2 + 3*j + 2. Let n be q(6). Suppose -3*m = 14*v - 526, 2*m - 630 = v - 362. Calculate the greatest common factor of m and n.
46
Let r(u) = 29 - 8*u + 43 + 37 - u + 26. Let k be r(-26). What is the highest common factor of 9 and k?
9
Suppose 341*a = 358*a - 6188. Calculate the highest common divisor of a and 65.
13
Suppose 227 = 4*i + 7. Let l be 9 - (-6034)/(196/14). What is the highest common factor of i and l?
55
Suppose -14*b = 12*b + 17*b - 142631. What is the greatest common divisor of 535 and b?
107
Let z(m) = -m**3 + 6*m**2 + 7*m. Suppose 5*o = -4*v - 45, -2*v + 10 = -4*o - 0*v. Let t be z(o). Calculate the greatest common divisor of 144 and t.
48
Let w = 69 + -57. Suppose 17*f - 13*f = w. Let o be ((-8)/3)/((-4)/18). What is the greatest common factor of o and f?
3
Suppose -32*r + 116844 = 97*r + 85*r. What is the greatest common factor of r and 442?
26
Let u be (-20 - -4326) + (-96)/((-72)/(-9)). Calculate the highest common divisor of u and 2486.
226
Suppose 3*j = -6*j + 36. Let f be 24/(-1 + j) + -2. Let p be (-2)/f*-6 - -75. What is the greatest common factor of 7 and p?
7
Let h = -295 + 315. Suppose 0 = 5*b + 2*u - 47 - 6, -h = -5*u. What is the greatest common factor of 18 and b?
9
Let q = 206 - 190. Suppose 0 = 2*f + f + 5*k - 44, 0 = f - 5*k + 12. Calculate the greatest common factor of f and q.
8
Let r be (-2 + 12/(-14))*(-2800)/160. Suppose 4*j = -l + 30, -5*l + 66 = -5*j + 4*j. Suppose -8*v = -r - l. Calculate the highest common divisor of v and 128.
8
Let l(z) = -14*z. Let w be l(-5). Let t be 26/(-5 + -281) + (4/(-1) - 126360/(-396)). Calculate the highest common divisor of t and w.
35
Suppose 0 = 3*s + 264 - 12. Let i = -168 - s. Let a = -76 - i. Calculate the highest common divisor of a and 28.
4
Suppose 334 = 3*d + 5*m - 7*m, -3*m - 556 = -5*d. Suppose 0 = 22*x - 20*x + 4*s - d, -s = 0. What is the highest common factor of x and 44?
11
Let d = -3235 - -3239. Suppose -291 = -9*b - 84. Calculate the highest common factor of b and d.
1
Suppose 0 = 4*x + 44 - 128. Let d = 17 - x. Let k(w) = -4*w - 5. Let l be k(d). What is the highest common divisor of l and 11?
11
Let i = -50 + 92. Suppose -50 = -6*x - 26. Let t be -5 - -1 - (x - 14/1). What is the highest common factor of i and t?
6
Let r(h) = -3*h**3 - 54*h**2 - 189*h + 39. Let l be r(-14). What is the greatest common divisor of l and 90?
9
Suppose v + 8*x - 9*x - 2 = 0, 2*x = 4*v - 10. Let r be v + 1 + (5 - 3). What is the greatest common factor of r and 2?
2
Suppose 3*c - 3*q = 60, -4*c - 4*q + 31 = -57. Suppose -5*o + 32 - 72 = 0. Let n be 767/52 + 6/o. Calculate the highest common factor of n and c.
7
Suppose 56*o = -34*o + 3193 + 1847. Let x(l) = l**2 - l + 2. Suppose -g + 4 = 1. Let i be x(g). What is the highest common factor of i and o?
8
Let t(o) = 30*o + 2947. Let g be t(-52). Calculate the highest common divisor of g and 365.
73
Let d be 0*(-1)/2*-1. Suppose 0 = -d*m - 5*m + 405. Suppose -868*h + 2746 = 100 - 5166. What is the highest common divisor of h and m?
9
Suppose -27 = -i + 4*q, 138*q - 143*q = -i + 33. What is the highest common factor of 9705 and i?
3
Suppose 24*g = 25*g + 2*c - 60, 95 = 2*g - c. Calculate the greatest common divisor of g and 118.
2
Let o(h) = -40*h**2 + 583*h - 3. Let b be o(13). Calculate the highest common divisor of 264 and b.
24
Let l(u) = -2*u**3 + 19*u**2 + 30*u + 42. Let w be l(-12). What is the greatest common divisor of w and 356?
178
Let q be -12 - (1 + -413) - -15. What is the greatest common factor of 5 and q?
5
Suppose -5*s + 3*n - 169 + 408 = 0, 3*s - 142 = 2*n. What is the highest common divisor of 16250 and s?
26
Let h(u) = 34*u + 1536. Let s be h(-44). Calculate the highest common divisor of 1770 and s.
10
Let a(j) = 25*j**2 + j + 2. Let h be a(-1). Let c = -119 - -147. Suppose 2*f = c + h. Calculate the highest common factor of f and 27.
27
Let j be (4/16)/(2/8) + 305. Suppose -10*q = -q - j. Suppose 5*r = d + 4 - q, -2*d + 135 = 5*r. What is the highest common factor of 11 and d?
11
Let l be (-15)/(-270)*18*(56 - -2 - 3). Suppose -3*d = -i + 92, -2*d + 67 = 2*i - i. What is the greatest common divisor of i and l?
11
Let l be (-4)/(-4) - (-3)/((-45)/(-60)). Suppose -2*w - 10 = -140. Calculate the highest common divisor of l and w.
5
Let n = 97 - 94. Suppose -v - 4*a = -2, 50 = 4*v + n*a - a. Suppose -2 - v = 4*q, o - 4*q - 51 = 0. Calculate the greatest common factor of o and 10.
5
Let k = -24399 + 30426. Calculate the highest common divisor of 984 and k.
123
Let h be ((-140)/(-8) - 5)/((-3)/18). Let b be (h + -5)/(-4)*16. Calculate the highest common divisor of b and 5.
5
Let h(v) = -22*v - 100. Let p be h(-4). Let f be 2716/8 - (p/(-8) + -4). Calculate the greatest common factor of f and 54.
18
Let y = 55 - 44. Let l(u) = -y*u**2 + 30*u + 13*u**2 - 26*u. Let q be l(2). Calculate the greatest common divisor of q and 8.
8
Suppose -4*r = -8, r = 5*t - r - 16. Let i = -669 - -669. Suppose -12*g - 27 + 99 = i. Calculate the highest common factor of g and t.
2
Suppose 0 = 7*l - 16 - 47. Let t(v) = v**3 - 8*v**2 - 5*v. Let z be t(l). What is the greatest common factor of z and 306?
18
Suppose 112 = 12*b + 2*b. Let w(n) = 34*n - 171. Let g be w(b). What is the greatest common divisor of 1 and g?
1
Let i be 2/3 - (-91)/3. Let z = 517 + -153. Let g = -271 + z. Calculate the highest common factor of g and i.
31
Suppose -4*w = -7 - 1, 2*a = 3*w + 352. Let q = a - 39. Let k be (-695)/(-20) + 2/8. Calculate the greatest common factor of q and k.
35
Let k be 375*35/21*5/25. Let b(z) = 75*z**3 + 2*z**2 - z - 1. Let l be b(1). What is the highest common divisor of l and k?
25
Let z be (10/(-12))/((-1)/30). Suppose 6*t - 67 = -z. Let n = -54 - -96. Calculate the highest common divisor of t and n.
7
Suppose 39*p + 105 = 46*p. Suppose -p*x + 156 = -9*x. What is the greatest common divisor of 104 and x?
26
Suppose -g = -3*r - 34, 0*g - r = -g + 38. Suppose -171*i + 170*i = -5*v - 55, 5*i - 253 = 3*v. Calculate the highest common divisor of i and g.
10
Suppose 95 = 213*d - 208*d. Suppose d = -o + 60. Calculate the greatest common divisor of 41 and o.
41
Suppose -14 = -4*n + 6*n. Let m(x) = -x + 9. Let b be m(n). Let f(a) = a**3 + 19*a**2 - 20*a + 2. Let o be f(-20). What is the highest common factor of o and b?
2
Suppose 480 = 4*g - 5*j, 0 = 5*g - 4*j - 231 - 369. Calculate the highest common divisor of 380 and g.
20
Let x = -490 - -518. Calculate the highest common divisor of x and 252.
28
Suppose -3*n + j + 1010 = 0, -21*n - 326 = -22*n - 5*j. Calculate the greatest common factor of n and 204.
12
Suppose h + 0*h - 12 = 0. Suppose 5*y + 102 = 3*z, -4*y - 12*z + 17*z - 79 = 0. Let f = 27 + y. Calculate the highest common divisor of f and h.
6
Let u(q) = 10*q + 7. Let a be u(-5). Let s = a - -70. What is the highest common factor of 99 and s?
9
Let a = 743 + -3521. Let g be (16/(-10))/(a/(-930) - 3). Let h = g - 46. What is the greatest common factor of 52 and h?
26
Suppose 37 = 3*z - 2*z. Suppose -c + 10 = n + 2*c, 5*n + 2*c = z. Let j be 4*(n - 1) + (-1 - 1). Calculate the highest common divisor of 33 and j.
11
Let q = -522 + 522. Suppose -4*c + 5*p + 1175 = q, 4*c - 1268 = -4*p - 120. What is the greatest common factor of 174 and c?
58
Let k be 12*(-1060)/640 + 20 + (-2318)/(-16). Suppose -87 = 2*v - 3*v. What is the greatest common factor of k and v?
29
Let w be 5/((-40)/(-1034)) - (-3)/(-12). What is the greatest common divisor of w and 2064?
129
Suppose -5976 = 17*k - 202836 - 460717. What is the greatest common divisor of k and 47?
47
Suppose -29*a = -6*a - 1610. Suppose -2*t + 45 = 3*k - a, 0 = 5*k - 5. Calculate the highest common factor of t and 14.
14
Let s(l) = 2*l**3 + 41*l**2 + l + 120. Let q be s(-20). Let g be 5*(-5)/5 + 25. What is the highest common divisor of q and g?
20
Let x be (-64)/(-544) - (-83)/17. Suppose x*f = -2*k + 66, 5*f + k - 75 = -4*k. Calculate the highest common divisor of f and 12.
12
Let d(z) = z**3 - 38*z**2 + 35*z + 64. Let n be d(38). What is the highest common factor of n and 34?
34
Let y be ((-3)/(-2) - 1)/((-11)/764280*-15). What is